270. What is m(7)?
-2552
Let j(d) = d**3 + 12*d**2 - 198*d - 231. Give j(10).
-11
Let t(z) = -1741*z**2 + 24373*z + 19. What is t(14)?
5
Let v(u) = -2*u**2 - 16706*u - 1813467. Give v(-110).
-7
Let f(y) = -295*y + 1960. Determine f(11).
-1285
Let p(v) = -3*v**3 - 188*v**2 - 115*v + 288. Determine p(-62).
-270
Let y(m) = m**3 + 12*m**2 - 131*m - 655. Give y(-4).
-3
Let j(f) = 2*f**2 - 758*f - 176692. Determine j(542).
0
Let u(g) = 4*g**2 - 444*g + 7088. Determine u(91).
-192
Let d(z) = -50256*z + 502550. What is d(10)?
-10
Let o(m) = 104*m**2 - 1736*m - 560. Give o(17).
-16
Let l(g) = -76*g**2 + 80*g + 174. Give l(-1).
18
Let u(i) = -22664*i + 1019873. Give u(45).
-7
Let c(x) = 5*x**3 + 25*x**2 + 1419*x + 1395. Determine c(-1).
-4
Let f(n) = -228*n - 17339. Give f(-76).
-11
Let p(k) = 16*k**2 + 2818*k + 420. Calculate p(-176).
68
Let h(t) = t**3 - 59*t**2 + 397*t + 581. Determine h(51).
20
Let c(v) = -v**3 + 24*v**2 + 2878*v + 334. Determine c(67).
133
Let k(t) = t**2 + 3812*t + 503451. Give k(-137).
-24
Let z(r) = -714*r**2 + 3*r - 63. Determine z(0).
-63
Let z(j) = -2*j**2 - 1802*j + 36309. Give z(20).
-531
Let c(s) = -8603*s - 25532. Give c(-3).
277
Let x(p) = -47*p**2 + 8086*p - 304. What is x(172)?
40
Let z(c) = -14*c**3 - 2696*c**2 + 1203*c + 8687. Calculate z(-193).
2
Let g(d) = 18*d**2 + 106*d - 26. Calculate g(-8).
278
Let d(y) = -226*y**3 + 1353*y**2 + 33*y - 96. What is d(6)?
-6
Let d(t) = 3*t**3 + 722*t**2 - 33037*t + 836. Give d(-280).
-4
Let c(n) = 6*n**3 + 451*n**2 + 43*n - 2126. Determine c(-75).
274
Let y(q) = -q**3 - 87*q**2 - 1191*q + 34. Determine y(-70).
104
Let u(k) = -173*k - 2246. Determine u(-23).
1733
Let j(y) = 3*y**3 - 329*y**2 - 1837*y + 74. Determine j(115).
419
Let i(a) = -9*a**3 + 304*a**2 + 74*a + 189. Determine i(34).
393
Let m(f) = -3*f**3 + 18*f**2 + 11*f + 31. Give m(9).
-599
Let i(l) = -16*l**2 - 8361*l - 16718. Determine i(-2).
-60
Let z(i) = -9*i**2 + 385*i + 1162. Give z(-3).
-74
Let s(u) = 1110*u - 299. What is s(-3)?
-3629
Let v(x) = -x**2 - 694*x - 84275. Give v(-157).
34
Let s(n) = n**3 + 74*n**2 - 224*n + 89. Calculate s(-77).
-450
Let s(k) = 1138723*k - 5693612. Give s(5).
3
Let b(v) = 3*v**2 + 8854*v + 53131. Determine b(-6).
115
Let b(d) = -d**3 - 354*d**2 + 3725*d + 30910. Give b(-364).
-30
Let v(j) = -4*j**2 - 511*j + 29046. Give v(43).
-323
Let g(n) = -n**2 - 155*n + 1066. Calculate g(7).
-68
Let c(q) = q**3 + 355*q**2 + 4823*q + 16860. What is c(-341)?
151
Let u(k) = -k**3 + 366*k**2 - 327*k - 13281. What is u(365)?
589
Let z(j) = 5016*j - 65165. What is z(13)?
43
Let t(f) = 50*f**3 + 5*f**2 + 147*f - 290. Calculate t(2).
424
Let s(m) = -m**2 + 451*m - 47819. Give s(171).
61
Let l(d) = 2*d**3 - 9*d**2 + 311*d + 669. What is l(-2)?
-5
Let m(b) = b**3 + 9*b**2 - 41*b - 458. Determine m(-9).
-89
Let g(l) = 8*l**2 - 7086*l - 28331. What is g(-4)?
141
Let v(p) = 29142*p - 87367. What is v(3)?
59
Let y(x) = 2*x**2 - 14051*x - 70246. Give y(-5).
59
Let l(m) = 9*m**2 + 326*m - 124. Determine l(-36).
-196
Let l(d) = -6*d**3 + 328*d**2 - 185*d - 166. What is l(54)?
1508
Let k(b) = -b**3 - 5*b**2 + 294*b + 59. Calculate k(15).
-31
Let k(a) = -2*a**3 - 177*a**2 - 767*a - 141. What is k(-84)?
783
Let w(k) = 9286*k - 129823. Determine w(14).
181
Let v(i) = -544*i - 32287. Determine v(-59).
-191
Let u(n) = 18*n**2 + 968*n - 273. Calculate u(-54).
-57
Let m(q) = 373*q - 4245. What is m(14)?
977
Let j(w) = 670*w + 8269. Determine j(-13).
-441
Let u(s) = s**2 + 11256*s - 758635. Give u(67).
6
Let l(a) = -272*a - 8864. What is l(-56)?
6368
Let r(d) = 39034*d + 117560. Determine r(-3).
458
Let q(l) = -18452*l - 55198. Calculate q(-3).
158
Let j(p) = -p**2 + 2828*p + 45554. What is j(-16)?
50
Let o(d) = d**3 - 96*d**2 - 726*d + 447. Calculate o(103).
-68
Let s(c) = -246*c**2 - 2249*c + 6769. Determine s(3).
-2192
Let x(d) = -2*d**2 + 2386*d - 11873. What is x(5)?
7
Let n(j) = -3*j**3 - 49*j**2 + 124*j + 231. What is n(-19)?
763
Let i(y) = -135*y - 1194. Give i(-12).
426
Let u(o) = 4*o**3 + 508*o**2 - 1038*o - 17. Give u(-129).
757
Let v(b) = -93*b**2 - 15161*b + 65. Determine v(-163).
391
Let b(p) = 21*p**2 - 1270*p + 11334. Give b(11).
-95
Let d(y) = 109490*y + 22445442. Calculate d(-205).
-8
Let b(z) = 13*z**2 - 799*z - 3175. Calculate b(-4).
229
Let d(w) = -402*w - 6337. Calculate d(-16).
95
Let r(m) = 50649*m + 709069. Give r(-14).
-17
Let u(a) = -a**3 - 27*a**2 + 11*a + 51. Determine u(-26).
-911
Let w(t) = 16052*t**2 - 96311*t - 39. What is w(6)?
-33
Let b(a) = -12*a**2 - 244*a - 1013. Calculate b(-4).
-229
Let c(g) = 19*g**2 - 353*g - 2517. Calculate c(-7).
885
Let f(w) = 30*w**2 + 7959*w - 7959. What is f(1)?
30
Let o(m) = -m**3 - 68*m**2 - 472*m - 7. Calculate o(-8).
-71
Let o(n) = 870*n**2 + 174059*n + 11804. Determine o(-200).
4
Let i(s) = -6*s**3 - 4*s**2 - 622*s - 619. What is i(-1)?
5
Let c(f) = 3*f**2 + 353*f - 3169. Give c(-126).
-19
Let y(r) = 55*r - 326. Give y(-22).
-1536
Let b(o) = 456*o + 11653. What is b(-27)?
-659
Let k(w) = 16*w**2 - 876*w + 578. What is k(54)?
-70
Let s(g) = -14*g**2 - 1129*g - 5325. Determine s(-5).
-30
Let y(a) = 42*a**2 - 7014*a - 7060. Calculate y(168).
-4
Let m(d) = 1412*d + 79041. What is m(-56)?
-31
Let y(t) = 132*t**2 + 5007*t - 22500. Give y(-42).
54
Let p(w) = 109*w - 13487. What is p(123)?
-80
Let i(q) = -1525*q + 33528. Determine i(22).
-22
Let u(k) = -2869*k + 43037. Give u(15).
2
Let q(r) = r**3 - 4*r**2 + 38*r - 642. Determine q(9).
105
Let a(g) = 1126*g**2 + 1425*g + 291. Calculate a(-1).
-8
Let c(a) = -184469*a - 737849. Calculate c(-4).
27
Let x(i) = -70*i - 2224. Calculate x(-39).
506
Let i(c) = 577*c**2 - 143*c - 141. Give i(-1).
579
Let b(f) = -1866*f + 5288. Calculate b(2).
1556
Let p(v) = v**3 - v**2 - v - 501. What is p(7)?
-214
Let k(x) = -3*x**3 - 3*x**2 - 29*x - 85. Calculate k(-4).
175
Let s(n) = 167115*n - 501336. What is s(3)?
9
Let m(p) = -7469*p - 582586. Give m(-78).
-4
Let f(u) = -4*u**3 + 422*u**2 - 160*u - 5244. What is f(105)?
6
Let f(g) = g**3 - 32*g**2 - 561*g + 14284. What is f(18)?
-350
Let b(s) = -11*s**2 - 1274*s + 368. What is b(-115)?
1403
Let l(o) = -474*o + 9289. What is l(20)?
-191
Let l(k) = k**3 - 72*k**2 + 346*k - 625. What is l(67)?
112
Let t(z) = -30*z**2 - 1029*z - 164. What is t(-34)?
142
Let n(d) = 41*d**3 + 6643*d**2 + 159*d - 469. Give n(-162).
17
Let j(p) = -p**3 - 50*p**2 + 923*p + 48803. Calculate j(-48).
-109
Let g(k) = 4468*k + 97732. Give g(-22).
-564
Let y(l) = -31066*l + 94567. Give y(3).
1369
Let f(z) = -12*z**2 - 18324*z + 55069. Calculate f(3).
-11
Let o(w) = -40*w**3 + 20*w**2 - 722*w - 1519. Determine o(-2).
325
Let d(s) = -265*s - 3218. Calculate d(-11).
-303
Let k(s) = -s**3 - 158*s**2 - 313*s + 119. Give k(-156).
275
Let p(y) = y**2 - 533*y + 1373. Give p(0).
1373
Let b(r) = 9374*r - 168557. What is b(18)?
175
Let p(a) = 1224*a**2 + 22038*a - 21. Calculate p(-18).
-129
Let w(s) = s**3 + 18*s**2 + 546*s + 7513. What is w(-15)?
-2
Let b(r) = -2*r**2 - 255*r + 68565. What is b(133)?
-728
Let j(r) = -3*r**2 + 90*r - 603. What is j(18)?
45
Let p(b) = -26*b**3 + 364*b**2 - 1191*b. What is p(9)?
-189
Let d(t) = 10*t**2 + 2497*t - 10699. Give d(-254).
223
Let x(t) = -2*t**3 - 196*t**2 + 613*t + 253. What is x(-101)?
-454
Let i(s) = -488*s - 9659. Give i(-19).
-387
Let g(w) = -16525*w + 49571. What is g(3)?
-4
Let r(g) = -174*g - 7605. What is r(-44)?
51
Let m(a) = -a**3 + 18*a**2 - 1952*a + 28601. Determine m(15).
-4
Let y(d) = -177*d + 6719. Give y(33).
878
Let a(s) = -466*s + 69899. What is a(150)?
-1
Let h(x) = -2411*x + 91570. Give h(38).
-48
Let k(w) = 4*w**3 + 3*w**2 + 190*w + 935. Calculate k(-5).
-440
Let u(k) = 85*k**3 - 361*k**2 + 86*k - 3. Give u(4).
5
Let u(h) = -231*h + 46451. Determine u(201).
20
Let w(k) = -2074*k - 87480. What is w(-42)?
-372
Let k(i) = 2*i**3 + 51*i**2 + 167*i + 40. Determine k(-22).
-246
Let g(p) = 160554*p - 2889976. Determine g(18).
-4
Let g(i) = -i**2 + 324*i + 17441. Calculate g(-47).
4
Let i(r) = 583*r + 2917. Give i(-5).
2
Let c(s) = 6*s**2 + 97*s - 2561. Give c(18).
1129
Let z(t) = -t**3 - 40905*t**2 + 531933*t + 17. Calculate z(13).
4
Let h(f) = -31738*f + 698310. Give h(22).
74
Let p(n) = -3*n**3 - 247*n**2 - 4888*n + 590. Give p(-49).
2
Let w(s) = 2*s**3 + 7